{"id":1738,"date":"2024-11-09T13:10:14","date_gmt":"2024-11-09T13:10:14","guid":{"rendered":"https:\/\/wwwdevpackde-ori0bcunuh.live-website.com\/?page_id=1738"},"modified":"2024-12-07T09:23:31","modified_gmt":"2024-12-07T09:23:31","slug":"pizzaschaufeln","status":"publish","type":"page","link":"https:\/\/wwwdevpackde-ori0bcunuh.live-website.com\/?page_id=1738","title":{"rendered":"Pizzaschaufeln"},"content":{"rendered":"\n<figure class=\"wp-block-table is-style-stripes\"><table class=\"has-fixed-layout\"><tbody><tr><td class=\"has-text-align-center\" data-align=\"center\"><img loading=\"lazy\" decoding=\"async\" width=\"150\" height=\"104\" class=\"wp-image-1781\" style=\"width: 150px;\" src=\"https:\/\/wwwdevpackde-ori0bcunuh.live-website.com\/wp-content\/uploads\/2024\/11\/2024110913065661-e1731409009641.png\" alt=\"\" srcset=\"https:\/\/wwwdevpackde-ori0bcunuh.live-website.com\/wp-content\/uploads\/2024\/11\/2024110913065661-e1731409009641.png 2266w, https:\/\/wwwdevpackde-ori0bcunuh.live-website.com\/wp-content\/uploads\/2024\/11\/2024110913065661-e1731409009641-300x208.png 300w, https:\/\/wwwdevpackde-ori0bcunuh.live-website.com\/wp-content\/uploads\/2024\/11\/2024110913065661-e1731409009641-1024x711.png 1024w, https:\/\/wwwdevpackde-ori0bcunuh.live-website.com\/wp-content\/uploads\/2024\/11\/2024110913065661-e1731409009641-768x533.png 768w, https:\/\/wwwdevpackde-ori0bcunuh.live-website.com\/wp-content\/uploads\/2024\/11\/2024110913065661-e1731409009641-1536x1067.png 1536w, https:\/\/wwwdevpackde-ori0bcunuh.live-website.com\/wp-content\/uploads\/2024\/11\/2024110913065661-e1731409009641-2048x1423.png 2048w\" sizes=\"auto, (max-width: 150px) 100vw, 150px\" \/><br>Pizzaschaufel <br>22 x 16cm, L\u00e4nge 50cm<br>(Art. Nr. 9505)<\/td><td class=\"has-text-align-center\" data-align=\"center\"><img loading=\"lazy\" decoding=\"async\" width=\"120\" height=\"110\" class=\"wp-image-1777\" style=\"width: 120px;\" src=\"https:\/\/wwwdevpackde-ori0bcunuh.live-website.com\/wp-content\/uploads\/2024\/11\/2024110912484839.png\" alt=\"\" srcset=\"https:\/\/wwwdevpackde-ori0bcunuh.live-website.com\/wp-content\/uploads\/2024\/11\/2024110912484839.png 2268w, https:\/\/wwwdevpackde-ori0bcunuh.live-website.com\/wp-content\/uploads\/2024\/11\/2024110912484839-300x275.png 300w, https:\/\/wwwdevpackde-ori0bcunuh.live-website.com\/wp-content\/uploads\/2024\/11\/2024110912484839-1024x940.png 1024w, https:\/\/wwwdevpackde-ori0bcunuh.live-website.com\/wp-content\/uploads\/2024\/11\/2024110912484839-768x705.png 768w, https:\/\/wwwdevpackde-ori0bcunuh.live-website.com\/wp-content\/uploads\/2024\/11\/2024110912484839-1536x1409.png 1536w, https:\/\/wwwdevpackde-ori0bcunuh.live-website.com\/wp-content\/uploads\/2024\/11\/2024110912484839-2048x1879.png 2048w\" sizes=\"auto, (max-width: 120px) 100vw, 120px\" \/><br>Pizzaschaufel <strong>\u2300<\/strong>20cm, L\u00e4nge 80cm<br>(Art. Nr. 9503)<\/td><td class=\"has-text-align-center\" data-align=\"center\"><img loading=\"lazy\" decoding=\"async\" width=\"120\" height=\"110\" class=\"wp-image-1777\" style=\"width: 120px;\" src=\"https:\/\/wwwdevpackde-ori0bcunuh.live-website.com\/wp-content\/uploads\/2024\/11\/2024110912484839.png\" alt=\"\" srcset=\"https:\/\/wwwdevpackde-ori0bcunuh.live-website.com\/wp-content\/uploads\/2024\/11\/2024110912484839.png 2268w, https:\/\/wwwdevpackde-ori0bcunuh.live-website.com\/wp-content\/uploads\/2024\/11\/2024110912484839-300x275.png 300w, https:\/\/wwwdevpackde-ori0bcunuh.live-website.com\/wp-content\/uploads\/2024\/11\/2024110912484839-1024x940.png 1024w, https:\/\/wwwdevpackde-ori0bcunuh.live-website.com\/wp-content\/uploads\/2024\/11\/2024110912484839-768x705.png 768w, https:\/\/wwwdevpackde-ori0bcunuh.live-website.com\/wp-content\/uploads\/2024\/11\/2024110912484839-1536x1409.png 1536w, https:\/\/wwwdevpackde-ori0bcunuh.live-website.com\/wp-content\/uploads\/2024\/11\/2024110912484839-2048x1879.png 2048w\" sizes=\"auto, (max-width: 120px) 100vw, 120px\" \/><br>Pizzaschaufel <strong>\u2300<\/strong>20cm, L\u00e4nge 170cm<br>(Art. Nr. 9507)<\/td><td class=\"has-text-align-center\" data-align=\"center\"><img loading=\"lazy\" decoding=\"async\" width=\"120\" height=\"110\" class=\"wp-image-1777\" style=\"width: 120px;\" src=\"https:\/\/wwwdevpackde-ori0bcunuh.live-website.com\/wp-content\/uploads\/2024\/11\/2024110912484839.png\" alt=\"\" srcset=\"https:\/\/wwwdevpackde-ori0bcunuh.live-website.com\/wp-content\/uploads\/2024\/11\/2024110912484839.png 2268w, https:\/\/wwwdevpackde-ori0bcunuh.live-website.com\/wp-content\/uploads\/2024\/11\/2024110912484839-300x275.png 300w, https:\/\/wwwdevpackde-ori0bcunuh.live-website.com\/wp-content\/uploads\/2024\/11\/2024110912484839-1024x940.png 1024w, https:\/\/wwwdevpackde-ori0bcunuh.live-website.com\/wp-content\/uploads\/2024\/11\/2024110912484839-768x705.png 768w, https:\/\/wwwdevpackde-ori0bcunuh.live-website.com\/wp-content\/uploads\/2024\/11\/2024110912484839-1536x1409.png 1536w, https:\/\/wwwdevpackde-ori0bcunuh.live-website.com\/wp-content\/uploads\/2024\/11\/2024110912484839-2048x1879.png 2048w\" sizes=\"auto, (max-width: 120px) 100vw, 120px\" \/><br>Pizzaschaufel <strong>\u2300<\/strong>30cm, L\u00e4nge 110cm<br>(Art. Nr. 9509)<\/td><\/tr><tr><td class=\"has-text-align-center\" data-align=\"center\"><img loading=\"lazy\" decoding=\"async\" width=\"150\" height=\"112\" class=\"wp-image-1782\" style=\"width: 150px;\" src=\"https:\/\/wwwdevpackde-ori0bcunuh.live-website.com\/wp-content\/uploads\/2024\/11\/2024110913101444-e1731409003249.png\" alt=\"\" srcset=\"https:\/\/wwwdevpackde-ori0bcunuh.live-website.com\/wp-content\/uploads\/2024\/11\/2024110913101444-e1731409003249.png 2267w, https:\/\/wwwdevpackde-ori0bcunuh.live-website.com\/wp-content\/uploads\/2024\/11\/2024110913101444-e1731409003249-300x224.png 300w, https:\/\/wwwdevpackde-ori0bcunuh.live-website.com\/wp-content\/uploads\/2024\/11\/2024110913101444-e1731409003249-1024x765.png 1024w, https:\/\/wwwdevpackde-ori0bcunuh.live-website.com\/wp-content\/uploads\/2024\/11\/2024110913101444-e1731409003249-768x574.png 768w, https:\/\/wwwdevpackde-ori0bcunuh.live-website.com\/wp-content\/uploads\/2024\/11\/2024110913101444-e1731409003249-1536x1147.png 1536w, https:\/\/wwwdevpackde-ori0bcunuh.live-website.com\/wp-content\/uploads\/2024\/11\/2024110913101444-e1731409003249-2048x1529.png 2048w\" sizes=\"auto, (max-width: 150px) 100vw, 150px\" \/><br>Pizzaschaufel <br>26 x 36cm, L\u00e4nge 70cm<br>(Art. Nr. 9504)<\/td><td class=\"has-text-align-center\" data-align=\"center\"><img loading=\"lazy\" decoding=\"async\" width=\"130\" height=\"111\" class=\"wp-image-1783\" style=\"width: 130px;\" src=\"https:\/\/wwwdevpackde-ori0bcunuh.live-website.com\/wp-content\/uploads\/2024\/11\/2024110913131287.png\" alt=\"\" srcset=\"https:\/\/wwwdevpackde-ori0bcunuh.live-website.com\/wp-content\/uploads\/2024\/11\/2024110913131287.png 2267w, https:\/\/wwwdevpackde-ori0bcunuh.live-website.com\/wp-content\/uploads\/2024\/11\/2024110913131287-300x256.png 300w, https:\/\/wwwdevpackde-ori0bcunuh.live-website.com\/wp-content\/uploads\/2024\/11\/2024110913131287-1024x873.png 1024w, https:\/\/wwwdevpackde-ori0bcunuh.live-website.com\/wp-content\/uploads\/2024\/11\/2024110913131287-768x655.png 768w, https:\/\/wwwdevpackde-ori0bcunuh.live-website.com\/wp-content\/uploads\/2024\/11\/2024110913131287-1536x1309.png 1536w, https:\/\/wwwdevpackde-ori0bcunuh.live-website.com\/wp-content\/uploads\/2024\/11\/2024110913131287-2048x1745.png 2048w\" sizes=\"auto, (max-width: 130px) 100vw, 130px\" \/><br>Pizzaschaufel <br>30 x 30cm, L\u00e4nge 114cm<br>(Art. Nr. 9506)<\/td><td class=\"has-text-align-center\" data-align=\"center\"><img loading=\"lazy\" decoding=\"async\" width=\"130\" height=\"111\" class=\"wp-image-1783\" style=\"width: 130px;\" src=\"https:\/\/wwwdevpackde-ori0bcunuh.live-website.com\/wp-content\/uploads\/2024\/11\/2024110913131287.png\" alt=\"\" srcset=\"https:\/\/wwwdevpackde-ori0bcunuh.live-website.com\/wp-content\/uploads\/2024\/11\/2024110913131287.png 2267w, https:\/\/wwwdevpackde-ori0bcunuh.live-website.com\/wp-content\/uploads\/2024\/11\/2024110913131287-300x256.png 300w, https:\/\/wwwdevpackde-ori0bcunuh.live-website.com\/wp-content\/uploads\/2024\/11\/2024110913131287-1024x873.png 1024w, https:\/\/wwwdevpackde-ori0bcunuh.live-website.com\/wp-content\/uploads\/2024\/11\/2024110913131287-768x655.png 768w, https:\/\/wwwdevpackde-ori0bcunuh.live-website.com\/wp-content\/uploads\/2024\/11\/2024110913131287-1536x1309.png 1536w, https:\/\/wwwdevpackde-ori0bcunuh.live-website.com\/wp-content\/uploads\/2024\/11\/2024110913131287-2048x1745.png 2048w\" sizes=\"auto, (max-width: 130px) 100vw, 130px\" \/><br>Pizzaschaufel <br>40 x 40cm, L\u00e4nge 174cm<br>(Art. Nr. 9508)<\/td><td class=\"has-text-align-center\" data-align=\"center\"><img loading=\"lazy\" decoding=\"async\" width=\"120\" height=\"111\" class=\"wp-image-1787\" style=\"width: 120px;\" src=\"https:\/\/wwwdevpackde-ori0bcunuh.live-website.com\/wp-content\/uploads\/2024\/11\/2024110913240916.png\" alt=\"\" srcset=\"https:\/\/wwwdevpackde-ori0bcunuh.live-website.com\/wp-content\/uploads\/2024\/11\/2024110913240916.png 2456w, https:\/\/wwwdevpackde-ori0bcunuh.live-website.com\/wp-content\/uploads\/2024\/11\/2024110913240916-300x277.png 300w, https:\/\/wwwdevpackde-ori0bcunuh.live-website.com\/wp-content\/uploads\/2024\/11\/2024110913240916-1024x946.png 1024w, https:\/\/wwwdevpackde-ori0bcunuh.live-website.com\/wp-content\/uploads\/2024\/11\/2024110913240916-768x709.png 768w, https:\/\/wwwdevpackde-ori0bcunuh.live-website.com\/wp-content\/uploads\/2024\/11\/2024110913240916-1536x1418.png 1536w, https:\/\/wwwdevpackde-ori0bcunuh.live-website.com\/wp-content\/uploads\/2024\/11\/2024110913240916-2048x1891.png 2048w\" sizes=\"auto, (max-width: 120px) 100vw, 120px\" \/><br>Pizzaschaufel gelocht<br>33 x 33cm, L\u00e4nge 185cm<br>(Art. Nr. 9415)<\/td><\/tr><tr><td class=\"has-text-align-center\" data-align=\"center\"><img loading=\"lazy\" decoding=\"async\" width=\"150\" height=\"102\" class=\"wp-image-1786\" style=\"width: 150px;\" src=\"https:\/\/wwwdevpackde-ori0bcunuh.live-website.com\/wp-content\/uploads\/2024\/11\/2024110913215333-e1731408987326.png\" alt=\"\" srcset=\"https:\/\/wwwdevpackde-ori0bcunuh.live-website.com\/wp-content\/uploads\/2024\/11\/2024110913215333-e1731408987326.png 3322w, https:\/\/wwwdevpackde-ori0bcunuh.live-website.com\/wp-content\/uploads\/2024\/11\/2024110913215333-e1731408987326-300x205.png 300w, https:\/\/wwwdevpackde-ori0bcunuh.live-website.com\/wp-content\/uploads\/2024\/11\/2024110913215333-e1731408987326-1024x699.png 1024w, https:\/\/wwwdevpackde-ori0bcunuh.live-website.com\/wp-content\/uploads\/2024\/11\/2024110913215333-e1731408987326-768x524.png 768w, https:\/\/wwwdevpackde-ori0bcunuh.live-website.com\/wp-content\/uploads\/2024\/11\/2024110913215333-e1731408987326-1536x1049.png 1536w, https:\/\/wwwdevpackde-ori0bcunuh.live-website.com\/wp-content\/uploads\/2024\/11\/2024110913215333-e1731408987326-2048x1398.png 2048w\" sizes=\"auto, (max-width: 150px) 100vw, 150px\" \/><br>Pizzaschaufel <br>35 x 33cm, L\u00e4nge 120cm<br>(Art. Nr. 9425)<\/td><td class=\"has-text-align-center\" data-align=\"center\"><img loading=\"lazy\" decoding=\"async\" width=\"150\" height=\"87\" class=\"wp-image-1785\" style=\"width: 150px;\" src=\"https:\/\/wwwdevpackde-ori0bcunuh.live-website.com\/wp-content\/uploads\/2024\/11\/2024110913180701-e1731408995446.png\" alt=\"\" srcset=\"https:\/\/wwwdevpackde-ori0bcunuh.live-website.com\/wp-content\/uploads\/2024\/11\/2024110913180701-e1731408995446.png 3909w, https:\/\/wwwdevpackde-ori0bcunuh.live-website.com\/wp-content\/uploads\/2024\/11\/2024110913180701-e1731408995446-300x174.png 300w, https:\/\/wwwdevpackde-ori0bcunuh.live-website.com\/wp-content\/uploads\/2024\/11\/2024110913180701-e1731408995446-1024x594.png 1024w, https:\/\/wwwdevpackde-ori0bcunuh.live-website.com\/wp-content\/uploads\/2024\/11\/2024110913180701-e1731408995446-768x446.png 768w, https:\/\/wwwdevpackde-ori0bcunuh.live-website.com\/wp-content\/uploads\/2024\/11\/2024110913180701-e1731408995446-1536x891.png 1536w, https:\/\/wwwdevpackde-ori0bcunuh.live-website.com\/wp-content\/uploads\/2024\/11\/2024110913180701-e1731408995446-2048x1188.png 2048w\" sizes=\"auto, (max-width: 150px) 100vw, 150px\" \/><br>Pizzaschaufel gelocht<br>35 x 33cm, L\u00e4nge 120cm<br>(Art. Nr. 9435)<\/td><td class=\"has-text-align-center\" data-align=\"center\"><img loading=\"lazy\" decoding=\"async\" width=\"150\" height=\"83\" class=\"wp-image-1780\" style=\"width: 150px;\" src=\"https:\/\/wwwdevpackde-ori0bcunuh.live-website.com\/wp-content\/uploads\/2024\/11\/2024110913044653.png\" alt=\"\" srcset=\"https:\/\/wwwdevpackde-ori0bcunuh.live-website.com\/wp-content\/uploads\/2024\/11\/2024110913044653.png 2268w, https:\/\/wwwdevpackde-ori0bcunuh.live-website.com\/wp-content\/uploads\/2024\/11\/2024110913044653-300x167.png 300w, https:\/\/wwwdevpackde-ori0bcunuh.live-website.com\/wp-content\/uploads\/2024\/11\/2024110913044653-1024x569.png 1024w, https:\/\/wwwdevpackde-ori0bcunuh.live-website.com\/wp-content\/uploads\/2024\/11\/2024110913044653-768x427.png 768w, https:\/\/wwwdevpackde-ori0bcunuh.live-website.com\/wp-content\/uploads\/2024\/11\/2024110913044653-1536x853.png 1536w, https:\/\/wwwdevpackde-ori0bcunuh.live-website.com\/wp-content\/uploads\/2024\/11\/2024110913044653-2048x1138.png 2048w\" sizes=\"auto, (max-width: 150px) 100vw, 150px\" \/><br>Pizzaschaufel <br>40 x 33cm, L\u00e4nge 95cm<br>(Art. Nr. 9448)<\/td><td class=\"has-text-align-center\" data-align=\"center\"><img loading=\"lazy\" decoding=\"async\" width=\"150\" height=\"100\" class=\"wp-image-1778\" style=\"width: 150px;\" src=\"https:\/\/wwwdevpackde-ori0bcunuh.live-website.com\/wp-content\/uploads\/2024\/11\/2024110912542071.png\" alt=\"\" srcset=\"https:\/\/wwwdevpackde-ori0bcunuh.live-website.com\/wp-content\/uploads\/2024\/11\/2024110912542071.png 3416w, https:\/\/wwwdevpackde-ori0bcunuh.live-website.com\/wp-content\/uploads\/2024\/11\/2024110912542071-300x199.png 300w, https:\/\/wwwdevpackde-ori0bcunuh.live-website.com\/wp-content\/uploads\/2024\/11\/2024110912542071-1024x680.png 1024w, https:\/\/wwwdevpackde-ori0bcunuh.live-website.com\/wp-content\/uploads\/2024\/11\/2024110912542071-768x510.png 768w, https:\/\/wwwdevpackde-ori0bcunuh.live-website.com\/wp-content\/uploads\/2024\/11\/2024110912542071-1536x1020.png 1536w, https:\/\/wwwdevpackde-ori0bcunuh.live-website.com\/wp-content\/uploads\/2024\/11\/2024110912542071-2048x1360.png 2048w\" sizes=\"auto, (max-width: 150px) 100vw, 150px\" \/><br>Pideschieber L\u00e4nge 100cm<br>(Art. Nr. 9474)<\/td><\/tr><tr><td class=\"has-text-align-center\" data-align=\"center\"><img loading=\"lazy\" decoding=\"async\" width=\"150\" height=\"100\" class=\"wp-image-1778\" style=\"width: 150px;\" src=\"https:\/\/wwwdevpackde-ori0bcunuh.live-website.com\/wp-content\/uploads\/2024\/11\/2024110912542071.png\" alt=\"\" srcset=\"https:\/\/wwwdevpackde-ori0bcunuh.live-website.com\/wp-content\/uploads\/2024\/11\/2024110912542071.png 3416w, https:\/\/wwwdevpackde-ori0bcunuh.live-website.com\/wp-content\/uploads\/2024\/11\/2024110912542071-300x199.png 300w, https:\/\/wwwdevpackde-ori0bcunuh.live-website.com\/wp-content\/uploads\/2024\/11\/2024110912542071-1024x680.png 1024w, https:\/\/wwwdevpackde-ori0bcunuh.live-website.com\/wp-content\/uploads\/2024\/11\/2024110912542071-768x510.png 768w, https:\/\/wwwdevpackde-ori0bcunuh.live-website.com\/wp-content\/uploads\/2024\/11\/2024110912542071-1536x1020.png 1536w, https:\/\/wwwdevpackde-ori0bcunuh.live-website.com\/wp-content\/uploads\/2024\/11\/2024110912542071-2048x1360.png 2048w\" sizes=\"auto, (max-width: 150px) 100vw, 150px\" \/><br>Pideschieber L\u00e4nge 120cm<br>(Art. Nr. 9410)<\/td><td class=\"has-text-align-center\" data-align=\"center\"><img loading=\"lazy\" decoding=\"async\" width=\"150\" height=\"110\" class=\"wp-image-1952\" style=\"width: 150px;\" src=\"https:\/\/wwwdevpackde-ori0bcunuh.live-website.com\/wp-content\/uploads\/2024\/11\/2024110214191651.png\" alt=\"\" srcset=\"https:\/\/wwwdevpackde-ori0bcunuh.live-website.com\/wp-content\/uploads\/2024\/11\/2024110214191651.png 2268w, https:\/\/wwwdevpackde-ori0bcunuh.live-website.com\/wp-content\/uploads\/2024\/11\/2024110214191651-300x220.png 300w, https:\/\/wwwdevpackde-ori0bcunuh.live-website.com\/wp-content\/uploads\/2024\/11\/2024110214191651-1024x750.png 1024w, https:\/\/wwwdevpackde-ori0bcunuh.live-website.com\/wp-content\/uploads\/2024\/11\/2024110214191651-768x563.png 768w, https:\/\/wwwdevpackde-ori0bcunuh.live-website.com\/wp-content\/uploads\/2024\/11\/2024110214191651-1536x1126.png 1536w, https:\/\/wwwdevpackde-ori0bcunuh.live-website.com\/wp-content\/uploads\/2024\/11\/2024110214191651-2048x1501.png 2048w\" sizes=\"auto, (max-width: 150px) 100vw, 150px\" \/><br>Pizzaheber rund <strong>\u2300<\/strong>32cm<br>(Art. Nr. 1378)<\/td><td class=\"has-text-align-center\" data-align=\"center\"><img loading=\"lazy\" decoding=\"async\" width=\"150\" height=\"110\" class=\"wp-image-1952\" style=\"width: 150px;\" src=\"https:\/\/wwwdevpackde-ori0bcunuh.live-website.com\/wp-content\/uploads\/2024\/11\/2024110214191651.png\" alt=\"\" srcset=\"https:\/\/wwwdevpackde-ori0bcunuh.live-website.com\/wp-content\/uploads\/2024\/11\/2024110214191651.png 2268w, https:\/\/wwwdevpackde-ori0bcunuh.live-website.com\/wp-content\/uploads\/2024\/11\/2024110214191651-300x220.png 300w, https:\/\/wwwdevpackde-ori0bcunuh.live-website.com\/wp-content\/uploads\/2024\/11\/2024110214191651-1024x750.png 1024w, https:\/\/wwwdevpackde-ori0bcunuh.live-website.com\/wp-content\/uploads\/2024\/11\/2024110214191651-768x563.png 768w, https:\/\/wwwdevpackde-ori0bcunuh.live-website.com\/wp-content\/uploads\/2024\/11\/2024110214191651-1536x1126.png 1536w, https:\/\/wwwdevpackde-ori0bcunuh.live-website.com\/wp-content\/uploads\/2024\/11\/2024110214191651-2048x1501.png 2048w\" sizes=\"auto, (max-width: 150px) 100vw, 150px\" \/><br>Pizzaheber rund \u230040cm (Art. Nr. 1379)<\/td><td class=\"has-text-align-center\" data-align=\"center\"><\/td><\/tr><\/tbody><\/table><\/figure>\n","protected":false},"excerpt":{"rendered":"<p>Pizzaschaufel 22 x 16cm, L\u00e4nge 50cm(Art. Nr. 9505) Pizzaschaufel \u230020cm, L\u00e4nge 80cm(Art. Nr. 9503) Pizzaschaufel \u230020cm, L\u00e4nge 170cm(Art. Nr. 9507) Pizzaschaufel \u230030cm, L\u00e4nge 110cm(Art. Nr. 9509) Pizzaschaufel 26 x 36cm, L\u00e4nge 70cm(Art. Nr. 9504) Pizzaschaufel 30 x 30cm, L\u00e4nge 114cm(Art. Nr. 9506) Pizzaschaufel 40 x 40cm, L\u00e4nge 174cm(Art. Nr. 9508) Pizzaschaufel gelocht33 x 33cm, L\u00e4nge [&hellip;]<\/p>\n","protected":false},"author":1,"featured_media":0,"parent":0,"menu_order":0,"comment_status":"closed","ping_status":"closed","template":"","meta":{"footnotes":""},"class_list":["post-1738","page","type-page","status-publish","hentry"],"_links":{"self":[{"href":"https:\/\/wwwdevpackde-ori0bcunuh.live-website.com\/index.php?rest_route=\/wp\/v2\/pages\/1738","targetHints":{"allow":["GET"]}}],"collection":[{"href":"https:\/\/wwwdevpackde-ori0bcunuh.live-website.com\/index.php?rest_route=\/wp\/v2\/pages"}],"about":[{"href":"https:\/\/wwwdevpackde-ori0bcunuh.live-website.com\/index.php?rest_route=\/wp\/v2\/types\/page"}],"author":[{"embeddable":true,"href":"https:\/\/wwwdevpackde-ori0bcunuh.live-website.com\/index.php?rest_route=\/wp\/v2\/users\/1"}],"replies":[{"embeddable":true,"href":"https:\/\/wwwdevpackde-ori0bcunuh.live-website.com\/index.php?rest_route=%2Fwp%2Fv2%2Fcomments&post=1738"}],"version-history":[{"count":15,"href":"https:\/\/wwwdevpackde-ori0bcunuh.live-website.com\/index.php?rest_route=\/wp\/v2\/pages\/1738\/revisions"}],"predecessor-version":[{"id":2148,"href":"https:\/\/wwwdevpackde-ori0bcunuh.live-website.com\/index.php?rest_route=\/wp\/v2\/pages\/1738\/revisions\/2148"}],"wp:attachment":[{"href":"https:\/\/wwwdevpackde-ori0bcunuh.live-website.com\/index.php?rest_route=%2Fwp%2Fv2%2Fmedia&parent=1738"}],"curies":[{"name":"wp","href":"https:\/\/api.w.org\/{rel}","templated":true}]}}